4
What is the millions digit of 4894940?
4
What is the ten thousands digit of 215183?
1
What is the hundred thousands digit of 18724077?
7
What is the thousands digit of 692119?
2
What is the tens digit of 13429388?
8
What is the thousands digit of 666415?
6
What is the hundreds digit of 852670?
6
What is the millions digit of 2154734?
2
What is the units digit of 8559429?
9
What is the units digit of 13277405?
5
What is the tens digit of 222058?
5
What is the millions digit of 18049901?
8
What is the millions digit of 10442743?
0
What is the ten thousands digit of 2053945?
5
What is the hundred thousands digit of 11861475?
8
What is the thousands digit of 144364?
4
What is the ten thousands digit of 472262?
7
What is the ten thousands digit of 46917?
4
What is the hundred thousands digit of 521247?
5
What is the hundreds digit of 105686?
6
What is the units digit of 87058?
8
What is the hundreds digit of 701588?
5
What is the millions digit of 1950317?
1
What is the thousands digit of 659628?
9
What is the thousands digit of 6300918?
0
What is the units digit of 491368?
8
What is the hundreds digit of 269083?
0
What is the tens digit of 622165?
6
What is the hundreds digit of 891490?
4
What is the thousands digit of 2411287?
1
What is the ten thousands digit of 4616346?
1
What is the thousands digit of 3547968?
7
What is the units digit of 3648341?
1
What is the tens digit of 162804?
0
What is the tens digit of 6651764?
6
What is the units digit of 34651025?
5
What is the millions digit of 13765091?
3
What is the units digit of 3594460?
0
What is the hundreds digit of 130759?
7
What is the units digit of 796978?
8
What is the hundreds digit of 18561966?
9
What is the hundred thousands digit of 316219?
3
What is the hundreds digit of 68735?
7
What is the thousands digit of 175577?
5
What is the hundreds digit of 360723?
7
What is the hundreds digit of 415133?
1
What is the hundreds digit of 16776096?
0
What is the tens digit of 577734?
3
What is the units digit of 2200536?
6
What is the thousands digit of 28926397?
6
What is the tens digit of 5866380?
8
What is the ten thousands digit of 390967?
9
What is the units digit of 648957?
7
What is the millions digit of 24095614?
4
What is the units digit of 88445?
5
What is the hundred thousands digit of 634962?
6
What is the tens digit of 9632983?
8
What is the millions digit of 2952816?
2
What is the hundreds digit of 5815825?
8
What is the hundreds digit of 881699?
6
What is the millions digit of 4522226?
4
What is the thousands digit of 674883?
4
What is the thousands digit of 625481?
5
What is the hundred thousands digit of 808279?
8
What is the thousands digit of 713374?
3
What is the units digit of 2735891?
1
What is the hundred thousands digit of 179008?
1
What is the hundred thousands digit of 2289333?
2
What is the tens digit of 96352?
5
What is the units digit of 2906601?
1
What is the ten millions digit of 12802433?
1
What is the tens digit of 940290?
9
What is the thousands digit of 3512227?
2
What is the ten thousands digit of 425027?
2
What is the thousands digit of 176238?
6
What is the hundred thousands digit of 269296?
2
What is the units digit of 1386681?
1
What is the units digit of 87997?
7
What is the units digit of 914968?
8
What is the tens digit of 152053?
5
What is the hundred thousands digit of 187924?
1
What is the tens digit of 937339?
3
What is the ten millions digit of 19760700?
1
What is the hundreds digit of 164781?
7
What is the ten thousands digit of 1009703?
0
What is the ten thousands digit of 8012569?
1
What is the hundreds digit of 3895346?
3
What is the ten thousands digit of 77265?
7
What is the hundreds digit of 45460?
4
What is the units digit of 387687?
7
What is the millions digit of 1113212?
1
What is the hundreds digit of 20661?
6
What is the hundred thousands digit of 452358?
4
What is the millions digit of 3365806?
3
What is the tens digit of 268407?
0
What is the millions digit of 1276122?
1
What is the thousands digit of 10837261?
7
What is the hundred thousands digit of 3425518?
4
What is the ten thousands digit of 657473?
5
What is the thousands digit of 334680?
4
What is the ten thousands digit of 384167?
8
What is the hundred thousands digit of 1137756?
1
What is the millions digit of 1444241?
1
What is the units digit of 13758?
8
What is the hundreds digit of 103797?
7
What is the hundreds digit of 2499227?
2
What is the ten thousands digit of 4323084?
2
What is the tens digit of 591833?
3
What is the ten thousands digit of 1084506?
8
What is the tens digit of 214464?
6
What is the hundreds digit of 481?
4
What is the ten thousands digit of 380638?
8
What is the thousands digit of 1405285?
5
What is the tens digit of 727163?
6
What is the units digit of 4829844?
4
What is the ten thousands digit of 3744620?
4
What is the units digit of 516360?
0
What is the hundreds digit of 75631?
6
What is the hundred thousands digit of 252015?
2
What is the hundreds digit of 3231969?
9
What is the tens digit of 643192?
9
What is the hundreds digit of 2361579?
5
What is the hundred thousands digit of 8560047?
5
What is the ten thousands digit of 366326?
6
What is the thousands digit of 295018?
5
What is the millions digit of 1893623?
1
What is the units digit of 9106556?
6
What is the tens digit of 467144?
4
What is the tens digit of 19684040?
4
What is the units digit of 1840486?
6
What is the tens digit of 3292358?
5
What is the ten millions digit of 39600248?
3
What is the units digit of 1243227?
7
What is the millions digit of 18681385?
8
What is the hundred thousands digit of 28972949?
9
What is the ten thousands digit of 92838?
9
What is the millions digit of 2132788?
2
What is the thousands digit of 39279?
9
What is the ten thousands digit of 1515165?
1
What is the hundred thousands digit of 5831646?
8
What is the thousands digit of 635175?
5
What is the thousands digit of 27427554?
7
What is the units digit of 13826896?
6
What is the thousands digit of 11419591?
9
What is the hundreds digit of 15201431?
4
What is the hundreds digit of 110437?
4
What is the thousands digit of 1793925?
3
What is the units digit of 301964?
4
What is the hundreds digit of 342938?
9
What is the thousands digit of 82622?
2
What is the hundred thousands digit of 20302365?
3
What is the tens digit of 944319?
1
What is the ten thousands digit of 12417025?
1
What is the ten millions digit of 12681752?
1
What is the tens digit of 4356260?
6
What is the hundred thousands digit of 129530?
1
What is the ten thousands digit of 1469457?
6
What is the units digit of 51488?
8
What is the tens digit of 375837?
3
What is the hundreds digit of 853567?
5
What is the ten thousands digit of 468248?
6
What is the thousands digit of 7664601?
4
What is the hundreds digit of 943496?
4
What is the thousands digit of 177823?
7
What is the tens digit of 2404378?
7
What is the millions digit of 1922029?
1
What is the ten thousands digit of 27574552?
7
What is the hundreds digit of 3262193?
1
What is the units digit of 707170?
0
What is the ten thousands digit of 255881?
5
What is the ten thousands digit of 245908?
4
What is the hundred thousands digit of 2678029?
6
What is the tens digit of 744662?
6
What is the units digit of 2313412?
2
What is the hundred thousands digit of 350325?
3
What is the units digit of 605947?
7
What is the tens digit of 3563898?
9
What is the hundred thousands digit of 688610?
6
What is the hundred thousands digit of 492282?
4
What is the tens digit of 53996?
9
What is the tens digit of 10062735?
3
What is the millions digit of 3416185?
3
What is the thousands digit of 10074481?
4
What is the units digit of 11962521?
1
What is the ten thousands digit of 866627?
6
What is the tens digit of 404774?
7
What is the millions digit of 5491950?
5
What is the thousands digit of 1193399?
3
What is the thousands digit of 13890970?
0
What is the hundreds digit of 927493?
4
What is the hundreds digit of 94177?
1
What is the millions digit of 8080903?
8
What is the units digit of 20891139?
9
What is the units digit of 160514?
4
What is the tens digit of 9624087?
8
What is the tens digit of 1060371?
7
What is the units digit of 4512331?
1
What is the millions digit of 3352227?
3
Wh